{"id":841,"date":"2016-10-26T18:10:34","date_gmt":"2016-10-26T22:10:34","guid":{"rendered":"http:\/\/boldor.ca\/?page_id=841"},"modified":"2016-11-16T14:36:26","modified_gmt":"2016-11-16T19:36:26","slug":"nouvelles-2015","status":"publish","type":"page","link":"https:\/\/boldor.rseq.ca\/?page_id=841","title":{"rendered":"2015"},"content":{"rendered":"<h4><strong>NOUVELLES 2015<\/strong><\/h4>\r\n<!-- NOTE: If you need to make changes to this file, copy it to your current theme's main\n\tdirectory so your changes won't be overwritten when the plugin is upgraded. -->\n\n<!-- Start of Post Wrap -->\n<div class=\"post hentry ivycat-post wrapper-manchette\">\n\t<img width=\"468\" height=\"399\" src=\"https:\/\/boldor.rseq.ca\/wp-content\/uploads\/2015\/11\/m_juv_d1.jpg\" class=\"attachment-post-thumbnail size-post-thumbnail wp-post-image\" alt=\"\" decoding=\"async\" loading=\"lazy\" srcset=\"https:\/\/boldor.rseq.ca\/wp-content\/uploads\/2015\/11\/m_juv_d1.jpg 468w, https:\/\/boldor.rseq.ca\/wp-content\/uploads\/2015\/11\/m_juv_d1-300x256.jpg 300w\" sizes=\"(max-width: 468px) 100vw, 468px\" \/>\t<!-- This is the output of the post TITLE -->\n\t<h2 class=\"entry-title-manchette\"><a href=\"https:\/\/boldor.rseq.ca\/?p=829\">[JUV\u00c9NILE D1] \u2013 Le Cactus du Coll\u00e8ge Notre-Dame, \u00e9quipe championne du BOL D\u2019OR 2015<\/a><\/h2>\n\n\t<!-- This is the output of the EXCERPT -->\n\t<div class=\"entry-summary-p\">\n\t\tLa finale provinciale scolaire juv\u00e9nile division 1 opposait le Blizzard du S\u00e9minaire Saint-Fran\u00e7ois au Cactus du Coll\u00e8ge Notre-Dame. C&rsquo;est le Cactus qui l&rsquo;a emport\u00e9 avec&#8230;\t<\/div>\n\t<span class=\"postDateTime\">2015-11-15 | 16:33<\/span>\n\t<!-- This is the output of the META information -->\n\n\t<div class=\"entry-utility\" style=\"display:none;\">\n\t\t\t\t\t<span class=\"cat-links\">\n\t\t\t\t<span class=\"entry-utility-prep entry-utility-prep-cat-links\">Posted in<\/span> <a href=\"https:\/\/boldor.rseq.ca\/?cat=1\" rel=\"category\">Uncategorised<\/a>\t\t\t<\/span>\n\t\t\t<span class=\"meta-sep\">|<\/span>\n\t\t\t\t\t\t\t<span class=\"tag-links\">\n\t\t\t\t<span class=\"entry-utility-prep entry-utility-prep-tag-links\">Tagged<\/span> <a href=\"https:\/\/boldor.rseq.ca\/?tag=2015\" rel=\"tag\">2015<\/a>\t\t\t<\/span>\n\t\t\t<span class=\"meta-sep\">|<\/span>\n\t\t\t\t<span class=\"comments-link\"><span>Commentaires ferm\u00e9s<span class=\"screen-reader-text\"> sur [JUV\u00c9NILE D1] \u2013 Le Cactus du Coll\u00e8ge Notre-Dame, \u00e9quipe championne du BOL D\u2019OR 2015<\/span><\/span><\/span>\n\t\t\t<\/div>\n<\/div>\n<div class=\"greySeparatorLine\"><\/div>\n<!-- \/\/ End of Post Wrap -->\n<!-- NOTE: If you need to make changes to this file, copy it to your current theme's main\n\tdirectory so your changes won't be overwritten when the plugin is upgraded. -->\n\n<!-- Start of Post Wrap -->\n<div class=\"post hentry ivycat-post wrapper-manchette\">\n\t<img width=\"400\" height=\"266\" src=\"https:\/\/boldor.rseq.ca\/wp-content\/uploads\/2015\/11\/m_coll_d3.jpg\" class=\"attachment-post-thumbnail size-post-thumbnail wp-post-image\" alt=\"\" decoding=\"async\" loading=\"lazy\" srcset=\"https:\/\/boldor.rseq.ca\/wp-content\/uploads\/2015\/11\/m_coll_d3.jpg 400w, https:\/\/boldor.rseq.ca\/wp-content\/uploads\/2015\/11\/m_coll_d3-300x200.jpg 300w\" sizes=\"(max-width: 400px) 100vw, 400px\" \/>\t<!-- This is the output of the post TITLE -->\n\t<h2 class=\"entry-title-manchette\"><a href=\"https:\/\/boldor.rseq.ca\/?p=797\">[COLL\u00c9GIAL DIVISION 3] VICTOIRE DES FILONS DE THETFORD DU BOL D\u2019OR 2015<\/a><\/h2>\n\n\t<!-- This is the output of the EXCERPT -->\n\t<div class=\"entry-summary-p\">\n\t\tSamedi, le 14 novembre 2015 &#8211; Le quatri\u00e8me match de l\u2019\u00e9dition 2015 du BOL D\u2019OR opposait les \u00e9quipes coll\u00e9giales de division 3: les Griffons du&#8230;\t<\/div>\n\t<span class=\"postDateTime\">2015-11-14 | 23:36<\/span>\n\t<!-- This is the output of the META information -->\n\n\t<div class=\"entry-utility\" style=\"display:none;\">\n\t\t\t\t\t<span class=\"cat-links\">\n\t\t\t\t<span class=\"entry-utility-prep entry-utility-prep-cat-links\">Posted in<\/span> <a href=\"https:\/\/boldor.rseq.ca\/?cat=1\" rel=\"category\">Uncategorised<\/a>\t\t\t<\/span>\n\t\t\t<span class=\"meta-sep\">|<\/span>\n\t\t\t\t\t\t\t<span class=\"tag-links\">\n\t\t\t\t<span class=\"entry-utility-prep entry-utility-prep-tag-links\">Tagged<\/span> <a href=\"https:\/\/boldor.rseq.ca\/?tag=2015\" rel=\"tag\">2015<\/a>\t\t\t<\/span>\n\t\t\t<span class=\"meta-sep\">|<\/span>\n\t\t\t\t<span class=\"comments-link\"><span>Commentaires ferm\u00e9s<span class=\"screen-reader-text\"> sur [COLL\u00c9GIAL DIVISION 3] VICTOIRE DES FILONS DE THETFORD DU BOL D\u2019OR 2015<\/span><\/span><\/span>\n\t\t\t<\/div>\n<\/div>\n<div class=\"greySeparatorLine\"><\/div>\n<!-- \/\/ End of Post Wrap -->\n<!-- NOTE: If you need to make changes to this file, copy it to your current theme's main\n\tdirectory so your changes won't be overwritten when the plugin is upgraded. -->\n\n<!-- Start of Post Wrap -->\n<div class=\"post hentry ivycat-post wrapper-manchette\">\n\t<img width=\"533\" height=\"269\" src=\"https:\/\/boldor.rseq.ca\/wp-content\/uploads\/2015\/11\/c_d1.jpg\" class=\"attachment-post-thumbnail size-post-thumbnail wp-post-image\" alt=\"\" decoding=\"async\" loading=\"lazy\" srcset=\"https:\/\/boldor.rseq.ca\/wp-content\/uploads\/2015\/11\/c_d1.jpg 533w, https:\/\/boldor.rseq.ca\/wp-content\/uploads\/2015\/11\/c_d1-300x151.jpg 300w\" sizes=\"(max-width: 533px) 100vw, 533px\" \/>\t<!-- This is the output of the post TITLE -->\n\t<h2 class=\"entry-title-manchette\"><a href=\"https:\/\/boldor.rseq.ca\/?p=765\">[COLL\u00c9GIAL DIVISION 1] LES COUGARS DU COLL\u00c8GE CHAMPLAIN-LENNOXVILLE, VAINQUEURS DU BOL D\u2019OR 2015<\/a><\/h2>\n\n\t<!-- This is the output of the EXCERPT -->\n\t<div class=\"entry-summary-p\">\n\t\tLa finale du BOL D\u2019OR 2015 en football coll\u00e9gial division 1 opposait Notre-Dame du Campus Notre-Dame-de-Foy et les Cougars du Coll\u00e8ge Champlain de Lennoxville. Les&#8230;\t<\/div>\n\t<span class=\"postDateTime\"> | 19:04<\/span>\n\t<!-- This is the output of the META information -->\n\n\t<div class=\"entry-utility\" style=\"display:none;\">\n\t\t\t\t\t<span class=\"cat-links\">\n\t\t\t\t<span class=\"entry-utility-prep entry-utility-prep-cat-links\">Posted in<\/span> <a href=\"https:\/\/boldor.rseq.ca\/?cat=1\" rel=\"category\">Uncategorised<\/a>\t\t\t<\/span>\n\t\t\t<span class=\"meta-sep\">|<\/span>\n\t\t\t\t\t\t\t<span class=\"tag-links\">\n\t\t\t\t<span class=\"entry-utility-prep entry-utility-prep-tag-links\">Tagged<\/span> <a href=\"https:\/\/boldor.rseq.ca\/?tag=2015\" rel=\"tag\">2015<\/a>\t\t\t<\/span>\n\t\t\t<span class=\"meta-sep\">|<\/span>\n\t\t\t\t<span class=\"comments-link\"><span>Commentaires ferm\u00e9s<span class=\"screen-reader-text\"> sur [COLL\u00c9GIAL DIVISION 1] LES COUGARS DU COLL\u00c8GE CHAMPLAIN-LENNOXVILLE, VAINQUEURS DU BOL D\u2019OR 2015<\/span><\/span><\/span>\n\t\t\t<\/div>\n<\/div>\n<div class=\"greySeparatorLine\"><\/div>\n<!-- \/\/ End of Post Wrap -->\n<!-- NOTE: If you need to make changes to this file, copy it to your current theme's main\n\tdirectory so your changes won't be overwritten when the plugin is upgraded. -->\n\n<!-- Start of Post Wrap -->\n<div class=\"post hentry ivycat-post wrapper-manchette\">\n\t<img width=\"518\" height=\"271\" src=\"https:\/\/boldor.rseq.ca\/wp-content\/uploads\/2015\/11\/Maraudeurs-champions.jpg\" class=\"attachment-post-thumbnail size-post-thumbnail wp-post-image\" alt=\"\" decoding=\"async\" loading=\"lazy\" srcset=\"https:\/\/boldor.rseq.ca\/wp-content\/uploads\/2015\/11\/Maraudeurs-champions.jpg 518w, https:\/\/boldor.rseq.ca\/wp-content\/uploads\/2015\/11\/Maraudeurs-champions-300x157.jpg 300w\" sizes=\"(max-width: 518px) 100vw, 518px\" \/>\t<!-- This is the output of the post TITLE -->\n\t<h2 class=\"entry-title-manchette\"><a href=\"https:\/\/boldor.rseq.ca\/?p=725\">[JUV\u00c9NILE DIVISION 1B] Les Maraudeurs remportent le championnat provincial<\/a><\/h2>\n\n\t<!-- This is the output of the EXCERPT -->\n\t<div class=\"entry-summary-p\">\n\t\tSamedi 14 novembre 2015 &#8211; C\u2019est avec une marque de 24 \u00e0 21 que les Maraudeurs du Coll\u00e8ge Laval ont conquis le match de la&#8230;\t<\/div>\n\t<span class=\"postDateTime\"> | 13:50<\/span>\n\t<!-- This is the output of the META information -->\n\n\t<div class=\"entry-utility\" style=\"display:none;\">\n\t\t\t\t\t<span class=\"cat-links\">\n\t\t\t\t<span class=\"entry-utility-prep entry-utility-prep-cat-links\">Posted in<\/span> <a href=\"https:\/\/boldor.rseq.ca\/?cat=1\" rel=\"category\">Uncategorised<\/a>\t\t\t<\/span>\n\t\t\t<span class=\"meta-sep\">|<\/span>\n\t\t\t\t\t\t\t<span class=\"tag-links\">\n\t\t\t\t<span class=\"entry-utility-prep entry-utility-prep-tag-links\">Tagged<\/span> <a href=\"https:\/\/boldor.rseq.ca\/?tag=2015\" rel=\"tag\">2015<\/a>\t\t\t<\/span>\n\t\t\t<span class=\"meta-sep\">|<\/span>\n\t\t\t\t<span class=\"comments-link\"><span>Commentaires ferm\u00e9s<span class=\"screen-reader-text\"> sur [JUV\u00c9NILE DIVISION 1B] Les Maraudeurs remportent le championnat provincial<\/span><\/span><\/span>\n\t\t\t<\/div>\n<\/div>\n<div class=\"greySeparatorLine\"><\/div>\n<!-- \/\/ End of Post Wrap -->\n<!-- NOTE: If you need to make changes to this file, copy it to your current theme's main\n\tdirectory so your changes won't be overwritten when the plugin is upgraded. -->\n\n<!-- Start of Post Wrap -->\n<div class=\"post hentry ivycat-post wrapper-manchette\">\n\t<img width=\"348\" height=\"270\" src=\"https:\/\/boldor.rseq.ca\/wp-content\/uploads\/2015\/11\/post_d2.jpg\" class=\"attachment-post-thumbnail size-post-thumbnail wp-post-image\" alt=\"\" decoding=\"async\" loading=\"lazy\" srcset=\"https:\/\/boldor.rseq.ca\/wp-content\/uploads\/2015\/11\/post_d2.jpg 348w, https:\/\/boldor.rseq.ca\/wp-content\/uploads\/2015\/11\/post_d2-300x233.jpg 300w\" sizes=\"(max-width: 348px) 100vw, 348px\" \/>\t<!-- This is the output of the post TITLE -->\n\t<h2 class=\"entry-title-manchette\"><a href=\"https:\/\/boldor.rseq.ca\/?p=689\">[COLL\u00c9GIAL DIVISION 2] Les G\u00e9ants du C\u00e9gep de Saint-Jean-Sur-Richelieu, Champions du BOL D\u2019OR 2015<\/a><\/h2>\n\n\t<!-- This is the output of the EXCERPT -->\n\t<div class=\"entry-summary-p\">\n\t\tVendredi, 13 novembre 2015 \u2013 Les Nordiques du Coll\u00e8ge Lionel-Groulx affrontait les G\u00e9ants du C\u00e9gep de Saint-Jean-Sur-Richelieu. Sous le regard d\u2019une foule enthousiaste rassembl\u00e9e malgr\u00e9&#8230;\t<\/div>\n\t<span class=\"postDateTime\">2015-11-13 | 23:16<\/span>\n\t<!-- This is the output of the META information -->\n\n\t<div class=\"entry-utility\" style=\"display:none;\">\n\t\t\t\t\t<span class=\"cat-links\">\n\t\t\t\t<span class=\"entry-utility-prep entry-utility-prep-cat-links\">Posted in<\/span> <a href=\"https:\/\/boldor.rseq.ca\/?cat=1\" rel=\"category\">Uncategorised<\/a>\t\t\t<\/span>\n\t\t\t<span class=\"meta-sep\">|<\/span>\n\t\t\t\t\t\t\t<span class=\"tag-links\">\n\t\t\t\t<span class=\"entry-utility-prep entry-utility-prep-tag-links\">Tagged<\/span> <a href=\"https:\/\/boldor.rseq.ca\/?tag=2015\" rel=\"tag\">2015<\/a>\t\t\t<\/span>\n\t\t\t<span class=\"meta-sep\">|<\/span>\n\t\t\t\t<span class=\"comments-link\"><span>Commentaires ferm\u00e9s<span class=\"screen-reader-text\"> sur [COLL\u00c9GIAL DIVISION 2] Les G\u00e9ants du C\u00e9gep de Saint-Jean-Sur-Richelieu, Champions du BOL D\u2019OR 2015<\/span><\/span><\/span>\n\t\t\t<\/div>\n<\/div>\n<div class=\"greySeparatorLine\"><\/div>\n<!-- \/\/ End of Post Wrap -->\n<!-- NOTE: If you need to make changes to this file, copy it to your current theme's main\n\tdirectory so your changes won't be overwritten when the plugin is upgraded. -->\n\n<!-- Start of Post Wrap -->\n<div class=\"post hentry ivycat-post wrapper-manchette\">\n\t<img width=\"628\" height=\"270\" src=\"https:\/\/boldor.rseq.ca\/wp-content\/uploads\/2015\/11\/Visuel_BOR_2015-X.jpg\" class=\"attachment-post-thumbnail size-post-thumbnail wp-post-image\" alt=\"\" decoding=\"async\" loading=\"lazy\" srcset=\"https:\/\/boldor.rseq.ca\/wp-content\/uploads\/2015\/11\/Visuel_BOR_2015-X.jpg 628w, https:\/\/boldor.rseq.ca\/wp-content\/uploads\/2015\/11\/Visuel_BOR_2015-X-300x129.jpg 300w\" sizes=\"(max-width: 628px) 100vw, 628px\" \/>\t<!-- This is the output of the post TITLE -->\n\t<h2 class=\"entry-title-manchette\"><a href=\"https:\/\/boldor.rseq.ca\/?p=587\">BOTT\u00c9 D\u2019ENVOI DE LA 40E \u00c9DITION DU BOL D\u2019OR<\/a><\/h2>\n\n\t<!-- This is the output of the EXCERPT -->\n\t<div class=\"entry-summary-p\">\n\t\tLe RSEQ (R\u00e9seau du sport \u00e9tudiant du Qu\u00e9bec) est heureux de s\u2019associer au C\u00e9gep Saint-Jean-sur-Richelieu pour cette 40e \u00e9dition du BOL D\u2019OR pr\u00e9sent\u00e9e par Chocomax&#8230;.\t<\/div>\n\t<span class=\"postDateTime\">2015-11-12 | 19:14<\/span>\n\t<!-- This is the output of the META information -->\n\n\t<div class=\"entry-utility\" style=\"display:none;\">\n\t\t\t\t\t<span class=\"cat-links\">\n\t\t\t\t<span class=\"entry-utility-prep entry-utility-prep-cat-links\">Posted in<\/span> <a href=\"https:\/\/boldor.rseq.ca\/?cat=1\" rel=\"category\">Uncategorised<\/a>\t\t\t<\/span>\n\t\t\t<span class=\"meta-sep\">|<\/span>\n\t\t\t\t\t\t\t<span class=\"tag-links\">\n\t\t\t\t<span class=\"entry-utility-prep entry-utility-prep-tag-links\">Tagged<\/span> <a href=\"https:\/\/boldor.rseq.ca\/?tag=2015\" rel=\"tag\">2015<\/a>\t\t\t<\/span>\n\t\t\t<span class=\"meta-sep\">|<\/span>\n\t\t\t\t<span class=\"comments-link\"><span>Commentaires ferm\u00e9s<span class=\"screen-reader-text\"> sur BOTT\u00c9 D\u2019ENVOI DE LA 40E \u00c9DITION DU BOL D\u2019OR<\/span><\/span><\/span>\n\t\t\t<\/div>\n<\/div>\n<div class=\"greySeparatorLine\"><\/div>\n<!-- \/\/ End of Post Wrap -->\n<!-- NOTE: If you need to make changes to this file, copy it to your current theme's main\n\tdirectory so your changes won't be overwritten when the plugin is upgraded. -->\n\n<!-- Start of Post Wrap -->\n<div class=\"post hentry ivycat-post wrapper-manchette\">\n\t<img width=\"628\" height=\"270\" src=\"https:\/\/boldor.rseq.ca\/wp-content\/uploads\/2015\/11\/Visuel_BOR_2015-X.jpg\" class=\"attachment-post-thumbnail size-post-thumbnail wp-post-image\" alt=\"\" decoding=\"async\" loading=\"lazy\" srcset=\"https:\/\/boldor.rseq.ca\/wp-content\/uploads\/2015\/11\/Visuel_BOR_2015-X.jpg 628w, https:\/\/boldor.rseq.ca\/wp-content\/uploads\/2015\/11\/Visuel_BOR_2015-X-300x129.jpg 300w\" sizes=\"(max-width: 628px) 100vw, 628px\" \/>\t<!-- This is the output of the post TITLE -->\n\t<h2 class=\"entry-title-manchette\"><a href=\"https:\/\/boldor.rseq.ca\/?p=358\">Lancement du site Web de la 40e \u00e9dition du BOL D\u2019OR<\/a><\/h2>\n\n\t<!-- This is the output of the EXCERPT -->\n\t<div class=\"entry-summary-p\">\n\t\tEn pr\u00e9vision de la 40e \u00e9dition du BOL D\u2019OR pr\u00e9sent\u00e9e par Chocomax, le RSEQ (R\u00e9seau du sport \u00e9tudiant du Qu\u00e9bec) a lanc\u00e9 aujourd\u2019hui son nouveau&#8230;\t<\/div>\n\t<span class=\"postDateTime\">2015-11-07 | 17:59<\/span>\n\t<!-- This is the output of the META information -->\n\n\t<div class=\"entry-utility\" style=\"display:none;\">\n\t\t\t\t\t<span class=\"cat-links\">\n\t\t\t\t<span class=\"entry-utility-prep entry-utility-prep-cat-links\">Posted in<\/span> <a href=\"https:\/\/boldor.rseq.ca\/?cat=1\" rel=\"category\">Uncategorised<\/a>\t\t\t<\/span>\n\t\t\t<span class=\"meta-sep\">|<\/span>\n\t\t\t\t\t\t\t<span class=\"tag-links\">\n\t\t\t\t<span class=\"entry-utility-prep entry-utility-prep-tag-links\">Tagged<\/span> <a href=\"https:\/\/boldor.rseq.ca\/?tag=2015\" rel=\"tag\">2015<\/a>\t\t\t<\/span>\n\t\t\t<span class=\"meta-sep\">|<\/span>\n\t\t\t\t<span class=\"comments-link\"><span>Commentaires ferm\u00e9s<span class=\"screen-reader-text\"> sur Lancement du site Web de la 40e \u00e9dition du BOL D\u2019OR<\/span><\/span><\/span>\n\t\t\t<\/div>\n<\/div>\n<div class=\"greySeparatorLine\"><\/div>\n<!-- \/\/ End of Post Wrap -->\n","protected":false},"excerpt":{"rendered":"En pr\u00e9vision de la 40e \u00e9dition du BOL D\u2019OR pr\u00e9sent\u00e9e par Chocomax, le RSEQ (R\u00e9seau du sport \u00e9tudiant du Qu\u00e9bec) a lanc\u00e9 aujourd\u2019hui son nouveau&#8230;","protected":false},"author":5,"featured_media":0,"parent":327,"menu_order":10,"comment_status":"closed","ping_status":"closed","template":"","meta":{"_links_to":"","_links_to_target":""},"_links":{"self":[{"href":"https:\/\/boldor.rseq.ca\/index.php?rest_route=\/wp\/v2\/pages\/841"}],"collection":[{"href":"https:\/\/boldor.rseq.ca\/index.php?rest_route=\/wp\/v2\/pages"}],"about":[{"href":"https:\/\/boldor.rseq.ca\/index.php?rest_route=\/wp\/v2\/types\/page"}],"author":[{"embeddable":true,"href":"https:\/\/boldor.rseq.ca\/index.php?rest_route=\/wp\/v2\/users\/5"}],"replies":[{"embeddable":true,"href":"https:\/\/boldor.rseq.ca\/index.php?rest_route=%2Fwp%2Fv2%2Fcomments&post=841"}],"version-history":[{"count":11,"href":"https:\/\/boldor.rseq.ca\/index.php?rest_route=\/wp\/v2\/pages\/841\/revisions"}],"predecessor-version":[{"id":967,"href":"https:\/\/boldor.rseq.ca\/index.php?rest_route=\/wp\/v2\/pages\/841\/revisions\/967"}],"up":[{"embeddable":true,"href":"https:\/\/boldor.rseq.ca\/index.php?rest_route=\/wp\/v2\/pages\/327"}],"wp:attachment":[{"href":"https:\/\/boldor.rseq.ca\/index.php?rest_route=%2Fwp%2Fv2%2Fmedia&parent=841"}],"curies":[{"name":"wp","href":"https:\/\/api.w.org\/{rel}","templated":true}]}}